-605))/(0 + 6/195). Calculate the greatest common divisor of 238 and p.
14
Let r(i) = -i + 22. Let d be r(7). Let n be -10 + 6 + 2 + 22. What is the highest common factor of d and n?
5
Suppose 12302 = 3*z + m, 0 = -z + 3*m + 300 + 3794. What is the highest common divisor of z and 25?
25
Let b = 989 - 533. Suppose 660 = -b*f + 460*f. Let h = 28 + -13. Calculate the highest common factor of f and h.
15
Let l(v) = 12*v**3 + 16*v**2 - 14*v + 22. Let a be l(4). What is the highest common divisor of a and 180?
90
Let o(s) = -s**2 - 5*s + 5. Let m be o(-5). Suppose 26*b - 172 = 348. Suppose m + 39 = 4*q + z, -q + 2*z = -b. Calculate the highest common divisor of 12 and q.
12
Suppose -8*t + 4*k = -964, -44*t + 479 = -40*t + k. Calculate the highest common factor of 22240 and t.
40
Suppose -36 = -2*a - 14. Let n = 20 - a. Let l(s) = s**2 + 144*s - 1696. Let h be l(11). Calculate the greatest common divisor of n and h.
9
Let x(u) be the first derivative of u**2 + 30*u + 4. Let v be x(-14). Suppose 11 = -v*n + 55. Calculate the greatest common divisor of 2 and n.
2
Suppose -5*q = -5*g - 125, 3*g + 19 = q + 5*g. Let a(c) = 160*c**2 - 2*c - 1. Let r be a(-1). Calculate the greatest common factor of q and r.
23
Let d = -61 - -65. Suppose 0 = b - d*r - 20, 5*r + 4 = 3*b - 28. What is the greatest common factor of 4 and b?
4
Let m be (-1)/((-2)/4) - -98. Let r(f) = -8*f + 202. Let s = 113 + -119. Let x be r(s). Calculate the highest common factor of x and m.
50
Let r be -3 + (165 - (-2 - 1)). Let p be 5*(-11 - -2)*(-11)/r. What is the greatest common factor of 1 and p?
1
Let b = -21585 - -22692. What is the greatest common factor of b and 216?
27
Suppose -3*i = 5*o - 10*o + 15, 0 = -4*i. Suppose -o*u + 453 = 3*s, -2*s = -2*u + 46 + 268. What is the highest common factor of u and 14?
14
Suppose -2*h + 4*i + 24 = 0, -6*i = -2*i + 16. What is the greatest common factor of 1252 and h?
4
Let h be (6 + -5)/(5/55). Suppose 8*k - 1438 = -5*s + h*k, -4*s + 1156 = -k. Calculate the greatest common divisor of s and 10.
10
Let o be 3 + (-2 - -3) + (1 - 1). Suppose o*j - 23 = -3*t, -2*t - 3*t = 5*j - 25. Let l be -4 - -3*(6 - 4). What is the greatest common divisor of l and j?
2
Let z(m) = -8*m**3 - 3*m**2 - m. Let u be z(-1). Suppose -8*w + 30 = u. Suppose -w*a + 12 = -27. What is the highest common divisor of 39 and a?
13
Suppose 0 = 897*x - 867*x - 18960. Calculate the greatest common divisor of x and 1343.
79
Let r(t) = t**3 - 3*t**2 - t + 42. Let q be r(4). Calculate the greatest common factor of 456 and q.
6
Let x(i) = -5*i**3 + i**2 + 2*i + 1. Let t be x(-1). Suppose -k - 5*z = -10*z - 252, t*k - 1238 = 3*z. What is the greatest common factor of 13 and k?
13
Suppose 6*b - 5*x - 1316 = 0, -385 + 1017 = 3*b + 4*x. Let k(r) = 15*r - 9. Let f be k(6). Calculate the highest common factor of b and f.
27
Let h = -110 + 200. Let c be h/405 - (-194)/18. Let u be (2/(-4))/((-2)/88). What is the highest common factor of c and u?
11
Suppose -12*p + 143 = -11*p - 2*h, 0 = 4*h + 16. Calculate the highest common factor of p and 1260.
45
Let u(z) = 7*z + 39. Let g be u(13). Calculate the highest common divisor of 7475 and g.
65
Let a(r) = r**3 - 6*r**2 + 16*r - 82. Let v be a(6). What is the greatest common divisor of 854 and v?
14
Suppose 4*j + 1302 - 4978 = -3*h, 4*j - 3724 = 3*h. Suppose 4*o + 0*o + 2*x = 90, -4*o + 125 = -5*x. Calculate the greatest common divisor of j and o.
25
Let u be 2251 - ((-40)/(-48))/(5/(-30)). What is the highest common divisor of 36 and u?
12
Let r = 14773 - 13785. Let t be -2*(-1 + 0 + -37). What is the greatest common factor of r and t?
76
Let u be (-3)/(-5) - ((-287)/5 + -1). Let y be (u - -4) + 1*-5. Let i be (6/(-4))/((-15)/870). Calculate the highest common divisor of y and i.
29
Let k(b) be the third derivative of b**5/30 + 5*b**4/24 - 5*b**3/6 - 5*b**2. Let g = 201 - 205. Let z be k(g). What is the highest common factor of z and 7?
7
Suppose 0 = 3*k + 5*p - 427, 127 + 568 = 5*k + 5*p. Calculate the greatest common factor of k and 6.
2
Let z be (3952/(-285) - -14)*1 - (-2276)/30. What is the highest common divisor of 22268 and z?
76
Suppose 5*a - 2*m = 17601, -3*a - 123*m = -121*m - 10583. What is the greatest common factor of 1355 and a?
271
Let a(l) = 8*l + 2. Let c be a(0). Let n be (1 + (-12)/9)/(c/(-66)). What is the greatest common factor of 253 and n?
11
Let j = 1576 + -1573. What is the highest common factor of 29 and j?
1
Suppose -2*d = 5*x - 208, 1788*x - 3*d + 207 = 1793*x. Calculate the greatest common factor of 1022 and x.
14
Suppose f = -2*v + 7443 + 2104, 4*v + f = 19087. Calculate the highest common factor of 360 and v.
90
Suppose -1214 = -4*p + 2090. Let q = p - 805. Suppose 3*v + 693 = 6*v. What is the greatest common divisor of v and q?
21
Let d(w) = 3*w**2 + 74*w - 15. Let q be d(-25). Let z be ((-209)/(-2))/(q/(9 - -11)). Calculate the highest common divisor of 95 and z.
19
Suppose -1534 - 1538 = -8*q. Suppose -h - q = -5*h. What is the highest common factor of 240 and h?
48
Let v be (92*(-4)/4)/(360/33 + -11). What is the greatest common divisor of 12 and v?
4
Suppose -16*k = -34*k + 576. What is the highest common factor of 1304 and k?
8
Suppose -11*h + 77 = j - 12*h, 4*h = -2*j + 172. What is the greatest common divisor of j and 13520?
80
Let j(h) = -h**2 + 38. Let w be j(0). Suppose 23617 - 1868 = 40*q + 1229. Calculate the greatest common factor of q and w.
19
Suppose -5*z = -5*c - 330, -1112*c + 1113*c = -6*z + 340. Calculate the greatest common factor of z and 22562.
58
Suppose 2302 = -21*b - 8*b + 37537. Suppose -2*q - 4*k + 9*k + 70 = 0, -2*k - 37 = -q. Calculate the greatest common divisor of q and b.
45
Let u be (42/24*-10)/(405/(-50) + 8). Let c be (-86)/(-6)*3/(-1). Let w = c + u. What is the highest common factor of w and 12?
12
Let l be ((-5729)/34)/((-2)/(-4)). Let s = l + 545. Calculate the highest common factor of s and 26.
26
Let b be 210/18 - 2/3. Suppose 3*u - b = 3*n - 95, -n = 3*u - 20. Suppose 6*l - 22*l + 241 - 33 = 0. Calculate the highest common divisor of n and l.
13
Suppose 0 = 2*k - 16 - 2. Let f(i) = 20 - 11*i + 17*i - k*i. Let d be f(4). Calculate the greatest common divisor of 56 and d.
8
Suppose 5*v - 28 = v + 4*w, 4*w = -8. Suppose -100 + 277 = 8*a + 137. What is the greatest common factor of v and a?
5
Let t be ((-73290)/(-38))/3 + (-88)/(-836). Suppose 2*v - 1430 = 3*u, 2*v = -4*u + t + 815. Calculate the greatest common factor of v and 103.
103
Let w(f) = -f**3 - 22*f**2 - 32*f + 215. Let i be w(-20). Calculate the greatest common factor of 187 and i.
11
Let s = -15927 - -16256. What is the greatest common factor of s and 7?
7
Let x(a) = -a**2 - a - 3. Let h be x(0). Let c be 3 + h - -3 - -17. Suppose -247*o = -320*o + 7300. What is the greatest common divisor of c and o?
20
Let r(z) = -z**2 - 38*z - 44. Let q be r(-15). Let l = q + 337. Suppose -352 = -5*s + l. What is the highest common divisor of s and 18?
18
Let m be ((-8)/(-14))/(3/21). Suppose d - m*d = -2*d. Suppose 2*p - 120 = -d*p. Calculate the highest common divisor of p and 24.
12
Let c be 2/((9/(-198)*-3)/(12*1)). What is the greatest common divisor of c and 187?
11
Let o be 188*(200/(-480) + -3*4/(-18)). What is the highest common factor of o and 5029?
47
Let z be 60/75 - 2/(20/(-2)). Let f be 3 + (z - -2 - 4). Calculate the greatest common factor of 16 and f.
2
Let r(x) = -9*x - 9. Let z be r(-5). Let l = 35 - z. Let c be (-4)/(l + 9/12). What is the highest common divisor of 40 and c?
8
Let a = 400 + -246. Let t(x) = 2*x**2 + 9*x - 67. Let h be t(-9). Calculate the highest common factor of a and h.
14
Let p = 588 + -486. Suppose 0*m - 12 = -2*m. Calculate the greatest common divisor of m and p.
6
Let d(m) = -m**3 - 2*m**2 - 4*m - 3. Let p be d(-3). Let k be (-48)/p + 2/(-6). Let s be k - (3 - 4) - -47. Calculate the greatest common factor of 135 and s.
45
Suppose n + 2*y = 18, -33 = -4*n + 2*y - 1. Let v(z) = 2*z + 24. Let p be v(n). Let s be p/2 + (-6)/3. Calculate the highest common divisor of 100 and s.
20
Let n be 17/(-153) + 107/(-9). Let f be (n + 7)/25 + 1068/(-10). Let x = 215 + f. Calculate the greatest common factor of 12 and x.
12
Let z = 2713 - 2073. What is the greatest common factor of z and 22?
2
Let